 is -260 + 2?
-257
In base 14, what is 2 - -303b?
303d
In base 5, what is 2413 + -1?
2412
In base 8, what is -202 + 10?
-172
In base 14, what is 125 + 5?
12a
In base 11, what is 75 + -17?
59
In base 11, what is -403 + 35?
-379
In base 5, what is -1 + -2424?
-2430
In base 13, what is -3 - -4?
1
In base 13, what is 3 + 708?
70b
In base 8, what is 137 + -4?
133
In base 6, what is 134 - -110?
244
In base 15, what is -4 - -4?
0
In base 13, what is 5107 + -2?
5105
In base 10, what is 13 + 102?
115
In base 3, what is 111 + -100000?
-22112
In base 8, what is 200 - -3?
203
In base 16, what is ab - -3?
ae
In base 9, what is -38071 - -2?
-38068
In base 9, what is 5 - 63?
-57
In base 4, what is -13023 - -110?
-12313
In base 10, what is -315 + 0?
-315
In base 4, what is -1 - 2010013?
-2010020
In base 9, what is 166 - 3?
163
In base 12, what is -4 - 30?
-34
In base 14, what is -3 + -131?
-134
In base 12, what is -97 - 1?
-98
In base 5, what is 13 - -1304?
1322
In base 6, what is 235 - -42?
321
In base 13, what is 1c5 - b?
1b7
In base 11, what is -37 - 4?
-40
In base 6, what is -1403 + 21?
-1342
In base 10, what is 3 - 16?
-13
In base 16, what is -a2 - -3?
-9f
In base 6, what is 130142 - -3?
130145
In base 13, what is -1266 - 4?
-126a
In base 6, what is 4 + -44?
-40
In base 15, what is 7 + 54?
5b
In base 2, what is -101 + -1111101?
-10000010
In base 12, what is 3 + -21?
-1a
In base 11, what is -27 + -6?
-32
In base 12, what is -1 - 6a?
-6b
In base 12, what is -4 - -668?
664
In base 13, what is -38 + 5c?
24
In base 7, what is -2 - 523?
-525
In base 6, what is 240 + -4?
232
In base 10, what is 2704 + 5?
2709
In base 11, what is -3 + -a9?
-101
In base 9, what is 2 + -285?
-283
In base 7, what is 15333 - -5?
15341
In base 4, what is 1202 - -3131?
10333
In base 6, what is -10322 + 1?
-10321
In base 14, what is 109 + 4?
10d
In base 13, what is 3b9 - 5?
3b4
In base 14, what is 5 - c?
-7
In base 5, what is 3 + 2?
10
In base 10, what is -16 - -35?
19
In base 12, what is -3 - -26?
23
In base 12, what is 5745 + 0?
5745
In base 2, what is 110011 + 101?
111000
In base 5, what is -4 - -13334?
13330
In base 12, what is 6 + -13?
-9
In base 7, what is 2 - -13?
15
In base 2, what is -100000100000 - -10001?
-100000001111
In base 8, what is -25 + 4?
-21
In base 7, what is -253 - -1?
-252
In base 5, what is 234 - 4?
230
In base 12, what is -41 - 15?
-56
In base 13, what is 67 + -2?
65
In base 8, what is -16 + 13?
-3
In base 14, what is -28 + 4?
-24
In base 15, what is 2 + 22?
24
In base 10, what is 164 + 4?
168
In base 9, what is 4 - 1112?
-1107
In base 9, what is -10 + -2722?
-2732
In base 3, what is 1 + -101212?
-101211
In base 12, what is 3 - -2a9a?
2aa1
In base 12, what is -11 - 471?
-482
In base 5, what is 10403 - -4?
10412
In base 12, what is 3 + -60?
-59
In base 15, what is -c + 9?
-3
In base 16, what is 1 - 3d?
-3c
In base 9, what is -2 + 170?
167
In base 12, what is -2 + 1a0?
19a
In base 14, what is -4 + 14?
10
In base 2, what is -11 + -101010011?
-101010110
In base 4, what is -23 + 21?
-2
In base 12, what is 671 + 3?
674
In base 11, what is 28 - 5?
23
In base 2, what is -101101000 + -11?
-101101011
In base 4, what is 1 - -133?
200
In base 5, what is 1 + 130?
131
In base 12, what is 573 + -17?
558
In base 8, what is -1 + -4130?
-4131
In base 6, what is 2 + 230?
232
In base 15, what is 5 + -3a3?
-39d
In base 8, what is 246 + -4?
242
In base 15, what is 1 + 4?
5
In base 10, what is 3 + 70?
73
In base 6, what is 5 + -2245?
-2240
In base 7, what is -3 - -60?
54
In base 3, what is -10010 + 1?
-10002
In base 7, what is 30 + -66?
-36
In base 15, what is 3 - -75?
78
In base 9, what is 7421 - -4?
7425
In base 16, what is 3 - -481?
484
In base 8, what is 10 - 153?
-143
In base 16, what is -1 + -78?
-79
In base 7, what is -65 + 42?
-23
In base 14, what is 2b - -1d?
4a
In base 2, what is -10100100 + -10?
-10100110
In base 4, what is 3 + 331?
1000
In base 15, what is -9 + 98?
8e
In base 7, what is 0 - 14306?
-14306
In base 12, what is 0 - 77?
-77
In base 15, what is -3 - -967?
964
In base 10, what is 2048 - -7?
2055
In base 5, what is 3 + 341?
344
In base 16, what is 273a - -3?
273d
In base 14, what is 31 - 4?
2b
In base 11, what is 72 + 33?
a5
In base 7, what is -1443 - -13?
-1430
In base 10, what is -20 - 5?
-25
In base 8, what is 355 - 5?
350
In base 16, what is -3 + 189?
186
In base 12, what is 21 - 2b?
-a
In base 5, what is -3 - -11143?
11140
In base 16, what is -147 + b?
-13c
In base 7, what is 64 + -1?
63
In base 2, what is 101 - -1001011110?
1001100011
In base 2, what is -10 - 11001110?
-11010000
In base 10, what is -9 - 11?
-20
In base 5, what is 2 - 100?
-43
In base 2, what is 1010 + -101011?
-100001
In base 4, what is 1 + -1201?
-1200
In base 13, what is 5 + 739?
741
In base 2, what is -11110111010 - -10?
-11110111000
In base 11, what is -5 + -587?
-591
In base 13, what is -c19 - 5?
-c21
In base 5, what is -10 + 341?
331
In base 3, what is -101111 - -12?
-101022
In base 3, what is -10221 - -21?
-10200
In base 15, what is -3b8 + 5?
-3b3
In base 10, what is -1 - -9?
8
In base 15, what is -14 + -34?
-48
In base 9, what is 2 - 6742?
-6740
In base 10, what is -33 - 3?
-36
In base 11, what is 4 - a51?
-a48
In base 10, what is 236 - 87?
149
In base 8, what is 6 - -1?
7
In base 16, what is 5c19 + -3?
5c16
In base 2, what is 11 + 100011001?
100011100
In base 5, what is 44 - -1311?
1410
In base 14, what is 2 + -2a?
-28
In base 15, what is -3 - 246?
-249
In base 2, what is -1011110 + 1?
-1011101
In base 4, what is 2 + 1101021?
1101023
In base 11, what is -28 - -5?
-23
In base 6, what is 15 - -133?
152
In base 7, what is -1 + -22531?
-22532
In base 12, what is 8 - -41?
49
In base 14, what is -1440 - 2?
-1442
In base 9, what is -15 - -1?
-14
In base 3, what is 102 + -200?
-21
In base 12, what is -5 + -50?
-55
In base 10, what is -2 - 75?
-77
In base 7, what is 45 + -1?
44
In base 2, what is -10011 - -101?
-1110
In base 6, what is 3 - -10225?
10232
In base 13, what is -1 - 0?
-1
In base 16, what is -33 + -2e?
-61
In base 3, what is 10010200 + 2?
10010202
In base 16, what is 5848 + 4?
584c
In base 9, what is -5 + 753?
747
In base 9, what is 122 - -15?
137
In base 15, what is 3a - -1?
3b
In base 7, what is 2115 - 11?
2104
In base 5, what is 3 - 2043?
-2040
In base 11, what is 3 + -8?
-5
In base 14, what is 2 - -31?
33
In base 7, what is 5 + 105?
113
In base 11, what is 5 - -a5?
aa
In base 10, what is 29 + 39?
68
In base 8, what is -5 - 535?
-542
In base 2, what is -100 + -1001010101?
-1001011001
In base 9, what is -27 + -21?
-48
In base 10, what is -595 + 3?
-592
In base 12, what is 7 + -2a0?
-295
In base 5, what is 1403 + -10?
1343
In base 15, what is 2 + 44?
46
In base 12, what is 298 + -2?
296
In base 4, what is 22 - 3132?
-3110
In base 7, what is -3 - -266?
263
In base 2, what is 10000001 + 10?
10000011
In base 14, what is -a + -17?
-23
In base 10, what is -277 - -3?
-274
In base 15, what is -e + -1?
-10
In base 4, what is -1301 - -11?
-1230
In base 14, what is -43 + -46?
-89
In base 15, what is -8 + -5?
-d
In base 8, what is -1 + -42?
-43
In base 11, what is 1 + 52?
53
In base 13, what is 53 + 2?
55
In base 3, what is -22 + 10220001?
10212202
In base 4, what is 0 - 322?
-322
In base 11, what is 223 - 1?
222
In base 4, what is -3101 + 10?
-3031
In base 12, what is 3 - -6?
9
In base 13, what is -7 + -56?
-60
In base 7, what is 1401 + -3?
1365
In base 13, what is 14 + 5?
19
In base 13, what is 4 + 7?
b
In base 8, what is 34 + 140?
174
In base 5, what is 3143 - -2?
3200
In base 5, what is 0 - 23?
-23
In base 11, what is 51 + -92?
-41
In base 15, what is 3ed + 2?
400
In base 12, what is -19 + 21?
4
In base 15, what is -5 + -19d?
-1a3
In base 2, what is -100110100 - -1?
-100110011
In base 13, what is -1 - c?
-10
In base 10, what is -157 - -2?
-155
In base 12, what is -3a - -6?
-34
In base 8, what is 135 + 0?
135
In base 6, what is -3 + 103?
100
In base 13, what is -17a7 - -3?
-17a4
In base 12, what is -2 + -2b5?
-2b7
In base 12, what is 9 + 4?
11
In base 4, what is 1131 - -10?
1201
In base 7, what is -30 - -410?
350
In base 9, what is -51 - 16?
-67
In base 9, what is 15310 + -2?
15307
In base 7, what is -25 - 116?
-144
In base 14, what is 3 - -66?
69
In base 3, what is -20002 + 112?
